7. Is f a composite number?
False
Let t(d) = 1267*d - 27. Let z be t(16). Suppose z = 6*k - k. Is k composite?
False
Let j(d) = 7*d**2 + d + 4. Let y be j(-3). Let t = 61 - y. Is (t + -2)*((2 - 0) + -609) a prime number?
False
Let r be (200/(-2))/(26/(-6227)). Suppose -24*i + 66938 = -r. Is i a prime number?
False
Let w(m) = 6553*m**3 - 177*m**2 + 691*m - 7. Is w(4) a prime number?
True
Let i = 20113 - 827. Is i prime?
False
Suppose -322*g + 32086330 + 25219044 = 0. Is g prime?
True
Suppose 460*l - 15953972 = 167*l - 165*l. Is l a composite number?
True
Suppose 0 = 2*w + 4*k + 8, -k - 2 = -2*w - 0. Suppose -2*x + 7*x = 590. Suppose 4*m - 354 + x = w. Is m prime?
True
Suppose -4*l = -4*a - l - 100, a + 25 = l. Is (-3665)/(-3)*(-15)/a prime?
True
Let g(v) = 2*v - 28. Let z be g(14). Let l(w) = w**2 - 2*w + 3. Let j be l(z). Is (127/(-4))/(-1 - j/(-4)) prime?
True
Suppose -2*g = -4*y - 10, 5*g - 2*y - 2 = g. Is g - -1 - (-7934)/2 composite?
False
Let f(z) = 8*z - 267. Let g be f(5). Let a = 426 - g. Is a composite?
False
Let d(q) = q**3 - 7*q**2 + 10*q - 24. Let n be d(6). Suppose 5*s - 90 = 40. Suppose n*y + y = s. Is y composite?
True
Let j(t) = -2*t**2 + 25*t - 12. Let f be (-384)/(-112)*7/2. Let y be j(f). Is ((-2)/(-4))/((-4)/(-2672)) - y prime?
False
Let a = 191267 - 71818. Is a a prime number?
False
Let l(n) = -3*n**3 - 5*n**2 - 14*n - 33. Let z(f) = 4*f**3 + 5*f**2 + 15*f + 33. Let r(w) = 3*l(w) + 2*z(w). Is r(-10) a prime number?
True
Is 3/(-9) + (65419/3 - -9) a composite number?
True
Suppose 4*s - y - 21 = 0, -4*y - 14 = -7*s + 5*s. Suppose -3*p + 2*x = -2625, p - 863 = s*x - 1. Is p a composite number?
False
Let u = 103723 - 53052. Is u a composite number?
False
Suppose -3*x = -3*j - 422394, 2*x + j + 26806 = 308381. Is x prime?
False
Let n be (-25)/(-3) + (-4)/3. Suppose -g + 2 = -5*i, 3*i + i = -g - n. Is (3 + 1096/(-3))*g prime?
True
Let v = -52030 + 83530. Let q be (v/(-24))/(9/(-12)). Let p = q + -313. Is p prime?
False
Let p be (9 - 2)*603 + 6. Suppose -3*o = -0*o - p. Is o prime?
True
Suppose 2*s - 5*n = 10125, -5*n + 5085 = s - 3*n. Suppose k - 4488 - s = -2*w, -k + w = -9572. Is k a composite number?
True
Let o be 1 - 3/((-15)/(-5)). Suppose o = 6*r - 12. Suppose 0 = -9*x + r*x + 469. Is x a composite number?
False
Let o be -13 + 1 - (-4)/(-2). Let n = 55 + o. Let v = n + 222. Is v a prime number?
True
Let m(h) = -19625*h - 533. Is m(-6) a prime number?
False
Is 166035 + (-3 + 7)*1 prime?
False
Suppose 3*j - 26 = 4*d, -3*j = -0*j - d - 20. Suppose p + 3 = -0, -3*y + 4*p = -j. Is y/(3*4/(-3522)) a composite number?
False
Let y(q) = q**2 + 10*q - 23. Let g be y(-12). Let a be 2358/(1 + 5) + g/(-1). Let v = 1559 - a. Is v a composite number?
True
Let k(o) = -111*o**3 - o**2 + 4*o. Let c(m) = 166*m**3 + m**2 - 6*m. Let u(v) = -5*c(v) - 8*k(v). Let z be u(2). Let q = -74 + z. Is q composite?
True
Suppose -9 + 3 = t - 4*q, -44 = -4*t - q. Suppose 14*u = 46 + t. Suppose -u*m + 572 = -496. Is m prime?
False
Let f(z) = -742*z + 32. Let l be f(8). Let b = 10595 + l. Is b prime?
True
Suppose 0 = 3*s + 3*n - 84, -s = -n - 30 + 2. Suppose 197 = 5*z + u, 189 = 9*z - 4*z - 3*u. Let x = s + z. Is x a prime number?
True
Suppose 3*z + 573 - 219 = 4*y, -4*z - 468 = -4*y. Let n = 120 + z. Suppose 130 - 4 = n*p. Is p composite?
True
Suppose 3*k + 47 = -3*z - 2*z, -2*k - z = 22. Let a(m) = 6*m**2 - 52*m + 26 + 34*m + 25*m. Is a(k) a prime number?
True
Let t(u) = 2710*u**2 + 111*u + 697. Is t(21) a prime number?
False
Let q = 1626977 + -1149594. Is q a composite number?
False
Suppose -61*k = -66*k, -2*d = 5*k - 131962. Is d a composite number?
False
Let y be (-1)/(-3 + 2177/726). Let p = y - -2765. Is p a prime number?
True
Let q(r) = 48258*r + 101. Is q(1) prime?
False
Is 6*(-75 - -77 - (1 + (-591591)/18)) composite?
False
Let m = 528 + -508. Is (0 + 2)*10610/m prime?
True
Let r(c) = -7823*c - 25. Let u be r(-25). Suppose 0 = 9*p + p - u. Is p composite?
True
Let w(p) = -26*p**3 + p**2 - p - 1. Let z be w(-1). Is (z/(-54))/(2/(-14648)) a composite number?
True
Let i = 70 - 121. Let d = -49 - i. Is (4202 + -5)*-3*d/(-18) composite?
False
Let i be 51 - 40/8*1. Suppose i*j - 31*j = 292755. Is j a composite number?
True
Let u(k) = 33980*k + 111. Is u(2) prime?
True
Suppose 0 = 9*r - 39 - 51. Suppose n + f = -2, -r*n + 11*n + 5*f = -18. Suppose t + 95 = 3*h, -2*h + n*t = -5*h + 89. Is h a prime number?
True
Let k(f) = f - 1. Let y be k(1). Let j be (0 + y)*19/38. Suppose -5*o + 1488 + 47 = j. Is o a composite number?
False
Let n(z) = 19*z**2 - 7*z + 14. Let p be n(18). Suppose 2*m = 5*g + 1911, -4*m - 2214 = -2*g - p. Is m a prime number?
False
Suppose 0*f - 4*f - 3*y + 63852 = 0, -2*y + 63848 = 4*f. Let h = -467 + f. Is h a prime number?
True
Suppose 0*k = 4*j - 3*k + 4, -4*j - 2*k = 4. Let n(o) = -24*o**3 + 2*o**2 - 2*o - 3. Let q be n(j). Suppose 6*v - 2885 - q = 0. Is v a prime number?
False
Let r(m) = 2*m + 164 + 144 - 334. Let l be r(4). Let w(n) = -n**2 - 21*n + 33. Is w(l) a prime number?
False
Let t = 1187 - 702. Is -14 - -10 - (-4 - t) a prime number?
False
Suppose -2578*x = -2605*x + 1217079. Is x a composite number?
False
Suppose 8 = -2*c, -5*w + 5*c = -7*w + 9434. Let g = -2974 + w. Is g a composite number?
False
Let d(q) = -q - q**2 - 4 + 2 + 1. Let t(v) = 2*v**2 + v - 1. Let j(x) = d(x) + t(x). Is j(-26) prime?
False
Let b(i) = 176*i - 26*i - 6*i - 121. Is b(7) prime?
True
Suppose -939784 = -14*a + 6*a. Is a composite?
True
Suppose 0 = 60*y - 36765 - 2835. Let f(s) = -48*s**2 - 3*s. Let k be f(3). Let u = k + y. Is u a composite number?
True
Suppose 3*u = d - 5*u - 157705, u + 630882 = 4*d. Is d composite?
False
Let u(x) = -1651195*x**2 - 9*x - 9. Let b be u(-1). Is (-12)/(-22) - b/209 prime?
True
Is 199293/(-8*(-36)/96) prime?
True
Let h = 151 + -35. Let o = 580 - h. Suppose -1307 = -11*l + o. Is l a composite number?
True
Suppose v = 4*v - 108. Suppose 75 = 3*l - v. Suppose 3*w + 5*r - 49 = 102, -5*r = w - l. Is w a prime number?
False
Suppose -2*u - u + 5867 = 5*a, 7866 = 4*u - 2*a. Suppose 6*q - u + 446 = 0. Is q a prime number?
False
Is -84542*4/(-6) - 2/6 a prime number?
False
Let y(g) = 279 - 89 - 25*g + 2*g - 96 - 90. Suppose -j + 4*t - 21 = 0, -6 = 4*j + 3*t + 21. Is y(j) composite?
False
Suppose 0 = -5*n - 5*q + 5035, -3*q - 440 - 4635 = -5*n. Suppose 3*o = -2*y - o + n, -4*y + 2060 = -4*o. Suppose 4283 = 9*d + y. Is d composite?
False
Let r be 76/19 - 60/(-3). Suppose r*t + 6809 = 37841. Is t a prime number?
False
Suppose 3*b = -4*o + 91244 + 54490, 0 = -2*o - 2*b + 72866. Suppose 5*p + 4*t - o = 3*t, 36425 = 5*p - t. Is p composite?
True
Let r be (-8 - -6)/((-3)/(-9228)). Let x = r + 11659. Is x a composite number?
False
Suppose 0 = -2*v + p + 323609, 0 = 14*p - 13*p - 5. Is v a composite number?
False
Let j = 243 - 212. Suppose -4*i + j*i - 134109 = 0. Is i prime?
True
Suppose -1283*c = -1286*c + 56139. Is c prime?
True
Let z = -962 + 1477. Let n(j) = 760*j + 2. Let x be n(2). Suppose 3*c - x = z. Is c a composite number?
True
Suppose -57*g + 56*g + 653657 = -2*m, -g - 4*m + 653627 = 0. Is g a prime number?
True
Suppose 14*t = -t + 7125. Is t*2 + (-8 - -11) composite?
False
Let w be 4 - ((-3)/(-9))/((-2)/60). Let i(k) = 2 + 5 - 10*k**2 + 12 - 6*k + k**3 + 22*k. Is i(w) a prime number?
False
Let u = 8 + -4. Suppose 0 = u*h - 4*p - 2068, 4*h - 2*p = -6*p + 2068. Suppose -4*s = 3*l - 2601 - h, -2*s = -5*l - 1572. Is s a prime number?
False
Suppose 0 = -101*j + 105*j + t - 1510982, 1133223 = 3*j + 3*t. Is j a prime number?
False
Let i = 415 + -505. Is ((-6)/(-15) + (-438594)/i)*3 a prime number?
True
Let f be 6/21 + 145/7. Let q = 26 - f. Suppose -140 = -q*r + 245. Is r a prime number?
False
Let v = 94 + -91. Suppose 8 = v*y - 4*t - 3, y + 5 = -3*t. Is (y/(-2))/(2/(-1516)) prime?
True
Suppose 763*m - 762*m - 3*f = 1239968, -5*m = -4*f - 6199829. Is m prime?
False
Suppose 8*i - t - 19 = 6*i, 3*t = 4*i - 39. Is -1*(85401/6)/i*-2 a prime number?
True
Suppose 3*s = -3*b + 1683, 0*b - 567 = -b - 3*s. Let l be (b/8)/(355/120 - 3). Let z = l + 2539. Is z composite?
True
Suppose 4*w = -3*f + 880865, 31*f + 293587 = 32*f - 3*w. Is f composite?
True
Let t(n) = 84447*n + 11150. Is t(7) a prime number?
True
Let h(c) = 636*c**2 + 30*c -